 = -n - 46. What is the remainder when b is divided by l?
3
Suppose i - 3*i = -3*a - 627, 5*a - 307 = -i. Calculate the remainder when i is divided by 15.
12
Suppose 3*y + 2*l - 45 = 3*l, 2*l = -4*y + 50. Let d(k) = -k**2 - 4*k - 1. What is the remainder when y is divided by d(-3)?
0
Let x = 211 + -183. Suppose -x = -4*j + 2*w, 2*w - 5*w - 6 = -2*j. What is the remainder when 16 is divided by j?
7
Suppose 0 = 4*r - q - 137, -3*q + 41 + 10 = 2*r. Calculate the remainder when 140 is divided by r.
8
Let z(m) = -68*m**2 + 0*m + 9 + 0*m + 69*m**2. Suppose 15 = 3*p, -p + 108 = 3*a - 263. What is the remainder when a is divided by z(4)?
22
Suppose -v - 453 = -2*v + 4*l, 2*v + 5*l - 945 = 0. Suppose -m = 4*m - v. Calculate the remainder when m is divided by 4.
1
Suppose -10*n + 11*n = 58. Let c(g) = -g + 16. Suppose 0 = 8*t + 4*t - 48. Calculate the remainder when n is divided by c(t).
10
Suppose -128 = -33*k + 4. Suppose -2*n + 80 = 5*r - 70, k*n + 84 = 2*r. What is the remainder when 124 is divided by r?
28
Suppose -17*a + 78 = -118*a + 1290. Let j(w) = 118*w. What is the remainder when j(1) is divided by a?
10
Suppose 4*u = 1276 + 1364. Let i = -501 + u. Calculate the remainder when i is divided by 5.
4
Suppose 12*q - 1170 = 2*q. Let g(i) = 2*i**3 + 20*i**2 + 9*i - 28. Calculate the remainder when q is divided by g(-9).
11
Let j be (-3 - -3) + 4 + 9 + -2. Suppose 4*a - i - 196 = 0, j*a - 14*a = 4*i - 147. What is the remainder when a is divided by 32?
17
Let y(m) = -m**3 + m**2 + 2*m + 2. Let d be y(-1). Suppose -8*o + 4*o + 3*g = -68, -4*g + 56 = d*o. Calculate the remainder when 57 is divided by o.
17
Suppose -631 = -3*d + 589 + 106. What is the remainder when d is divided by 86?
12
Let d be (0 + (-56)/(-6))/((-4)/(-6)). Suppose -2*w - 2*b = -14, -4*b = -6*w + 3*w - d. Suppose 5*m - 27 = w*m. Calculate the remainder when 20 is divided by m.
2
Let l(s) = s**3 - 13*s**2 + 38*s - 118. What is the remainder when l(12) is divided by 143?
51
Calculate the remainder when 21428/(-132)*(-3 + 0/(-7)) is divided by 85.
62
Suppose 2*f - f = 2*k - 3144, 2*f + k + 6268 = 0. What is the remainder when (3/(-2) + 3)/((-24)/f) is divided by 33?
31
Let n(q) = 107*q - 118. Let a(z) = z**3 - 7*z**2 + 10*z + 14. Let d be a(4). Calculate the remainder when n(d) is divided by 88.
84
Let z(o) = -o**3 + 38*o**2 + 218*o - 91. Calculate the remainder when z(43) is divided by 17.
4
Suppose 4*x + p + 942 = 9*x, -2*x - 4*p + 368 = 0. What is the remainder when 395 is divided by x?
19
Suppose i + 8 = -62. Let d = i - -70. Suppose 2*k - 4*l - 36 = d, 2*l = 5*k - k - 60. Calculate the remainder when 67 is divided by k.
11
Let r(u) = -14*u**2 - 84*u - 30. What is the remainder when 1509 is divided by r(-4)?
33
Let l = 129 + -153. Let x = l + 22. Calculate the remainder when 79 is divided by 1*(x - -2) + 17.
11
Suppose -81 = 3*x - 2*h, 13 = x - 3*h + 47. Calculate the remainder when 5/x + 1102/10 is divided by 37.
36
Let n(c) = 9*c**2 + 3*c + 1. Let w = 344 - 331. Let q(f) = f**3 - 12*f**2 - 12*f + 13. Calculate the remainder when n(-3) is divided by q(w).
21
Let o(a) = a**3 + 4*a**2 + 7*a - 16. Let r be o(5). Suppose r + 1310 = 2*b. What is the remainder when ((-6)/(-9))/(3 + b/(-261)) is divided by 8?
5
Suppose 22*v - 62522 = -27*v + 6*v. Calculate the remainder when v is divided by 42.
26
Let s = 47 + 1. Suppose 0 = 3*k + 4*p - 18 - 23, 0 = -4*k - 2*p + s. What is the remainder when 14 is divided by k?
3
Let v(q) = q - 5. Let d be v(-13). Let l = -14 - d. Suppose 3*o = 2*t - t - 23, 0 = -o - 4. Calculate the remainder when t is divided by l.
3
Let q(h) = -6*h - 20. Suppose 3 - 31 = 7*i. Let j be q(i). Suppose 0*x - 161 = -x + j*u, 2*u = 5*x - 715. What is the remainder when x is divided by 13?
11
Suppose -16*n - 13032 = -28*n. What is the remainder when n is divided by 34?
32
Let n(q) = q**3 + 8*q**2 - 2*q - 3. Calculate the remainder when n(-4) is divided by (-2)/6*-1 + (-4686)/(-198).
21
Suppose 7*p - 8*p = -3*s + 12, s - 17 = -4*p. Suppose -3*n = s*c - 2310, 5*c + n + 913 = 7*c. What is the remainder when c is divided by 20?
19
Suppose 2*k + 2*d + 12 = 0, 0*d - 4*d - 16 = 0. Let j = 55361 - 55345. Calculate the remainder when -2*k/(4/47) is divided by j.
15
Suppose 42*z - 2724 = 5592. Calculate the remainder when z is divided by 54.
36
Suppose 3*d + 60 = 5*a, 94*a = 93*a - 4*d + 35. Calculate the remainder when 1169 is divided by a.
14
Suppose 37 = 23*m - 32. What is the remainder when 53 is divided by m?
2
Let f(i) = 533*i - 1593. What is the remainder when 116 is divided by f(3)?
2
Let y = 7402 + -6738. What is the remainder when y is divided by 19?
18
Suppose -43*d + 23*d - 95*d + 8970 = 0. Calculate the remainder when 5536 is divided by d.
76
Let g(k) = k - 20. Let d be g(19). Let z be (-6)/24 + (-75)/(-12). Calculate the remainder when 10 is divided by (5/2 + d)*16/z.
2
Let p = 10267 + -5717. What is the remainder when p is divided by 37?
36
Let s = -10568 - -17813. What is the remainder when s is divided by 151?
148
Let z be -50 + 41 - (1 - 1*5). Let i(f) = 5*f**2 + 9*f + 1. What is the remainder when i(z) is divided by 4?
1
Let q = 32960 - 32953. Calculate the remainder when 2888 is divided by q.
4
Let g(j) = 2*j + 10. Let s be g(9). Let u = s - 25. Suppose -2*v + 65 = u*v. What is the remainder when 36 is divided by v?
10
Suppose 0 = 11*w - 4102 - 2520. Suppose 0 = -6*y + 11*y + 4*z - w, -3*y = 2*z - 360. What is the remainder when y is divided by 0 - (0 + -24 + 0)?
22
Let x = 94 + -86. Suppose 0 = -x*t + 46 + 114. Let n = 56 + -2. Calculate the remainder when n is divided by t.
14
Let w be (3/9)/(0 - (-3)/9). Let m(u) = 2*u**3 + u - 2. Let o be m(w). What is the remainder when 27 is divided by (-45)/(-6)*2*(2 - o)?
12
Suppose 98*c = 72*c - 77*c + 7828. What is the remainder when c is divided by 26?
24
Suppose 3*w - 6*w + 3*j = -78, 0 = -3*w - 5*j + 102. Suppose 3*z = 4*z - 345. Suppose 5*c - z = 2*c. Calculate the remainder when c is divided by w.
28
Suppose -3*t - 201 = -3*w, -2*t + 62 = -3*w + 266. Calculate the remainder when 207 is divided by w.
67
Let t = 290 - 323. Calculate the remainder when 152 is divided by 1903/44 - (t/12 + 2).
20
Suppose -201 = -k + 6*u - 50, 5*u = 40. What is the remainder when 3581 is divided by k?
198
Let s = 875 - 467. Calculate the remainder when s is divided by 35.
23
Let i(z) = z**2 + 6*z + 2. Let b be i(-7). Let l(u) = -u**2 - u + 13. Let t be l(b). Let n = t - -85. What is the remainder when 29 is divided by n?
5
Let u be (-5)/((-4)/(-12)*-3). Suppose u*t - 2*x = 110, -4*t + 0*t + 70 = 2*x. What is the remainder when ((-9)/(-3) - 4) + 58 is divided by t?
17
What is the remainder when 262 is divided by ((1 - 3)/(-4))/(29*46/125396)?
27
Suppose 31*w - 594 - 1142 = 0. Calculate the remainder when 1902 is divided by w.
54
Let i be 154/6*(-8 - -5). Let j = i - -242. Let p(v) = -5*v - 7. What is the remainder when j is divided by p(-7)?
25
Let y(n) = n**2 - 40*n + 15. Calculate the remainder when y(51) is divided by 149.
129
Suppose -2*w = -4*t - 62, 0 = 4*w + 2*t - 4*t - 130. Calculate the remainder when 52 is divided by w.
19
Calculate the remainder when 1894 is divided by 17304/252 + (42/(-9))/7.
58
Suppose 135 = 5*l - 5*o, 5*l + 2*o - 61 = 25. Let z = -171 + 328. Calculate the remainder when z is divided by l.
17
Suppose -49*l + 29*l - 120 = -24*l. What is the remainder when 311 is divided by l?
11
Let n be 2045/40 - (-3)/(-24). Let m = n + -43. What is the remainder when 86 is divided by m?
6
Calculate the remainder when 451 is divided by ((-4)/24 - 2)*36/(-6).
9
Let p(l) = -5*l + 40. Let s(h) = -10*h + 82. Let f(q) = 5*p(q) - 2*s(q). Suppose 0*k - 2*k + 24 = 0. Calculate the remainder when f(-2) is divided by k.
10
Let k be (2*(-10)/(-6))/(1/(-3)). Let f(o) = 2*o**2 + 15*o - 28. What is the remainder when 98 is divided by f(k)?
10
Suppose 4*n - 9116 = -5*i + 834, -2 = -i. What is the remainder when n is divided by 16?
5
Let n be 6 + (-4)/18 + 14/(-18). Let s(m) = m**3 - 7*m**2 + 12*m - 1. Let o(y) = -15*y - 1. Calculate the remainder when o(-3) is divided by s(n).
8
Suppose -4*v + 54 = -3*z, 3*v + z - 3*z = 41. Calculate the remainder when 672 is divided by v.
12
Let i(w) = 33*w + 525. Calculate the remainder when 758 is div